re the prime factors of 27809915?
5, 7, 794569
What are the prime factors of 308180?
2, 5, 19, 811
List the prime factors of 4001752.
2, 43, 11633
What are the prime factors of 269199?
3, 7, 4273
What are the prime factors of 2832428?
2, 439, 1613
List the prime factors of 19847641.
11, 761, 2371
What are the prime factors of 229250?
2, 5, 7, 131
What are the prime factors of 7483?
7, 1069
List the prime factors of 508885.
5, 13, 7829
List the prime factors of 9508636.
2, 29, 81971
List the prime factors of 343011.
3, 43, 2659
What are the prime factors of 273576?
2, 3, 11399
List the prime factors of 1006823.
281, 3583
What are the prime factors of 154785?
3, 5, 17, 607
List the prime factors of 37978.
2, 17, 1117
List the prime factors of 3025957.
11, 275087
List the prime factors of 23521365.
3, 5, 7, 89, 839
What are the prime factors of 7223853?
3, 7, 13, 47, 563
List the prime factors of 10330777.
61, 163, 1039
What are the prime factors of 1838032?
2, 7, 16411
What are the prime factors of 385691?
449, 859
What are the prime factors of 23791940?
2, 5, 701, 1697
List the prime factors of 687142.
2, 79, 4349
What are the prime factors of 1721364?
2, 3, 67, 2141
What are the prime factors of 21784?
2, 7, 389
What are the prime factors of 1461831?
3, 7, 151, 461
List the prime factors of 5558047.
11, 505277
List the prime factors of 1966266.
2, 3, 313, 349
List the prime factors of 162203.
19, 8537
What are the prime factors of 17293999?
23, 751913
List the prime factors of 70369.
13, 5413
What are the prime factors of 9988226?
2, 67, 131, 569
List the prime factors of 212765.
5, 7, 6079
List the prime factors of 633012.
2, 3, 17, 29, 107
What are the prime factors of 76472?
2, 11, 79
List the prime factors of 15685605.
3, 5, 13, 26813
What are the prime factors of 155403?
3, 31, 557
List the prime factors of 376820.
2, 5, 83, 227
List the prime factors of 1146412.
2, 17, 23, 733
List the prime factors of 94597.
94597
List the prime factors of 22315086.
2, 3, 1239727
What are the prime factors of 978349?
978349
What are the prime factors of 25898?
2, 23, 563
List the prime factors of 216451.
216451
List the prime factors of 1639761.
3, 546587
List the prime factors of 4777671.
3, 1592557
List the prime factors of 531309.
3, 29, 31, 197
What are the prime factors of 423655?
5, 84731
What are the prime factors of 2868925?
5, 114757
What are the prime factors of 32899191?
3, 13, 61, 13829
What are the prime factors of 256740?
2, 3, 5, 11, 389
List the prime factors of 7370158.
2, 1327, 2777
List the prime factors of 15607599.
3, 7, 37, 53, 379
List the prime factors of 1075323.
3, 358441
What are the prime factors of 754369?
7, 11, 97, 101
What are the prime factors of 102303?
3, 421
What are the prime factors of 3439410?
2, 3, 5, 13, 8819
What are the prime factors of 11724542?
2, 353, 16607
List the prime factors of 23432428.
2, 409, 14323
List the prime factors of 251002.
2, 41, 3061
List the prime factors of 7728470.
2, 5, 772847
What are the prime factors of 3109176?
2, 3, 7, 31, 199
What are the prime factors of 1538939?
1538939
List the prime factors of 973843.
13, 23, 3257
List the prime factors of 750393.
3, 7, 43, 277
List the prime factors of 2596796.
2, 499, 1301
What are the prime factors of 2075303?
311, 6673
What are the prime factors of 22269963?
3, 47, 59, 2677
What are the prime factors of 270507?
3, 37, 2437
List the prime factors of 557158.
2, 7, 17, 2341
List the prime factors of 117341.
7, 16763
List the prime factors of 11304852.
2, 3, 13, 72467
List the prime factors of 479613.
3, 159871
What are the prime factors of 4090850?
2, 5, 81817
What are the prime factors of 42861?
3, 7, 13, 157
What are the prime factors of 2797726?
2, 1398863
What are the prime factors of 1000232?
2, 125029
List the prime factors of 23019513.
3, 11, 17, 37, 1109
What are the prime factors of 862937?
17, 23, 2207
What are the prime factors of 22601502?
2, 3, 7, 11, 23, 709
List the prime factors of 2331708.
2, 3, 194309
What are the prime factors of 53202?
2, 3, 8867
List the prime factors of 11977.
7, 29, 59
List the prime factors of 34547636.
2, 8636909
List the prime factors of 691607.
7, 98801
What are the prime factors of 26486017?
17, 61, 25541
List the prime factors of 163001.
19, 23, 373
List the prime factors of 31330.
2, 5, 13, 241
List the prime factors of 626469.
3, 367, 569
List the prime factors of 4571397.
3, 56437
List the prime factors of 1626985.
5, 17, 19141
What are the prime factors of 401546?
2, 19, 10567
What are the prime factors of 99667?
99667
What are the prime factors of 1156141?
7, 23, 43, 167
What are the prime factors of 115764?
2, 3, 11, 877
What are the prime factors of 211960?
2, 5, 7, 757
What are the prime factors of 11482909?
11482909
What are the prime factors of 28180?
2, 5, 1409
List the prime factors of 2760109.
11, 250919
List the prime factors of 202640.
2, 5, 17, 149
List the prime factors of 179237.
151, 1187
List the prime factors of 1144813.
773, 1481
What are the prime factors of 170928?
2, 3, 1187
What are the prime factors of 2287003?
53, 43151
What are the prime factors of 5687267?
5687267
List the prime factors of 383568.
2, 3, 61, 131
List the prime factors of 4357858.
2, 59, 36931
List the prime factors of 323524.
2, 29, 2789
List the prime factors of 3741025.
5, 151, 991
What are the prime factors of 172205?
5, 11, 31, 101
What are the prime factors of 21626?
2, 11, 983
What are the prime factors of 1321538?
2, 660769
List the prime factors of 170320.
2, 5, 2129
What are the prime factors of 203433?
3, 19, 43, 83
List the prime factors of 1608579.
3, 7, 2837
List the prime factors of 14707789.
14707789
List the prime factors of 9173267.
9173267
List the prime factors of 947957.
113, 8389
What are the prime factors of 913873?
913873
What are the prime factors of 4918316?
2, 13, 94583
What are the prime factors of 8448937?
7, 311, 3881
List the prime factors of 14059933.
14059933
What are the prime factors of 2887297?
7, 17, 19, 1277
List the prime factors of 2628701.
163, 16127
What are the prime factors of 3696335?
5, 127, 5821
List the prime factors of 1814818.
2, 17, 53377
List the prime factors of 1721691.
3, 191299
List the prime factors of 45684.
2, 3, 47
What are the prime factors of 6546163?
13, 503551
What are the prime factors of 1918182?
2, 3, 7, 109, 419
List the prime factors of 897108.
2, 3, 74759
What are the prime factors of 417789?
3, 61, 761
What are the prime factors of 60414?
2, 3, 10069
List the prime factors of 7349087.
43, 277, 617
List the prime factors of 34954525.
5, 61, 22921
List the prime factors of 199897.
29, 61, 113
What are the prime factors of 7994594?
2, 3997297
List the prime factors of 36474535.
5, 43, 169649
List the prime factors of 251994.
2, 3, 41999
List the prime factors of 1065793.
997, 1069
What are the prime factors of 564077?
17, 33181
List the prime factors of 1681912.
2, 17, 83, 149
List the prime factors of 2442500.
2, 5, 977
What are the prime factors of 817859?
7, 16691
What are the prime factors of 1267460?
2, 5, 127, 499
What are the prime factors of 1698695?
5, 19, 17881
What are the prime factors of 5074690?
2, 5, 683, 743
What are the prime factors of 54511?
19, 151
What are the prime factors of 18239?
13, 23, 61
What are the prime factors of 711191?
13, 227, 241
What are the prime factors of 1338271?
11, 121661
What are the prime factors of 635966?
2, 317983
What are the prime factors of 196548?
2, 3, 11, 1489
List the prime factors of 632851.
632851
What are the prime factors of 894999?
3, 7, 17, 23, 109
What are the prime factors of 1618896?
2, 3, 29, 1163
List the prime factors of 3008804.
2, 752201
List the prime factors of 2012431.
23, 59, 1483
List the prime factors of 154590.
2, 3, 5, 5153
What are the prime factors of 2073175?
5, 13, 6379
List the prime factors of 1100253.
3, 7, 11, 433
List the prime factors of 617487.
3, 13, 71, 223
List the prime factors of 8364588.
2, 3, 697049
List the prime factors of 1196975.
5, 13, 29, 127
List the prime factors of 58698.
2, 3, 1087
List the prime factors of 2950631.
61, 48371
What are the prime factors of 14774199?
3, 11, 447703
What are the prime factors of 1878984?
2, 3, 8699
